be (-3 + 0 + 4)*-3. Let v be (1 - k - 2) + -64. Let u = -35 - v. What is the units digit of u?
7
What is the tens digit of (4297 - 9) + -3 + -1?
8
Let q = -809 + 1504. What is the units digit of q?
5
Let u(h) = 914*h**2 + 16*h + 9. What is the hundreds digit of u(-2)?
6
Let h = 28 + -23. Suppose h*y = 3*y + 330. Suppose 2*u - w - 66 = 0, 3*u = -2*u + w + y. What is the tens digit of u?
3
Suppose 3*q = -q - 8. Suppose 2*x - 4*i - 2 = 0, -3*i = -3*x - 0*i - 12. What is the units digit of (q - -1)/(x/99)?
1
Let h = -398 - -699. Suppose -4*k = -h + 85. Suppose -4*d + k = -d. What is the units digit of d?
8
Let y = 275 + -147. What is the tens digit of y?
2
Let i(g) = -2*g - 2*g + 11 - 7*g. Let m be i(-6). Suppose m + 19 = 3*n. What is the tens digit of n?
3
What is the tens digit of (-1)/(-5 - (-5154)/1032)?
7
Suppose 2*d + 2*b = 5*d - 5922, 2*d - 4*b - 3948 = 0. What is the tens digit of d?
7
Let u = 73 - -200. Let d = -167 + u. What is the tens digit of d?
0
Let h = 3495 - 1074. What is the units digit of h?
1
Let l be 2*(2 + 14 + 0). Let f be 2/(-1 - ((-384)/(-92))/(-4)). Let j = f - l. What is the tens digit of j?
1
Suppose 1 + 2 = 3*h. What is the tens digit of ((-14)/(-7))/(h/5)?
1
Let x = 32 - 12. Let k = x + 16. What is the units digit of k?
6
Let l = -183 - -321. Suppose -4*z - 18 = -l. What is the tens digit of z?
3
Let p(s) = 4*s**2 + 14*s + 7. What is the tens digit of p(-7)?
0
Let g = -9 + 14. Suppose 0 = -0*n - g*n + 25. Suppose 0*x - 16 = 4*x, 3*b + n*x = -5. What is the units digit of b?
5
Suppose 0 = 4*f - 4*t - 0*t + 4, -5*f - 4*t + 4 = 0. Suppose -4*u + 138 + 34 = f. What is the tens digit of (-2)/4 - u/(-2)?
2
Let h(c) = c**3 + c**2 + c + 29. Suppose -i + 3*i = 5*j, 0 = -4*j. What is the units digit of h(i)?
9
Suppose -5*j + 4*v = -72, 5*v + 90 - 27 = 4*j. Let q be (-2 - -3)/((-3)/j). What is the units digit of 36*(-1)/4*q?
6
Let v = -2 + 5. Let m(l) = -v*l + 4*l + 9 + 22. What is the tens digit of m(0)?
3
Let f = -13 - -9. Let x be 0 + (0 - (f + 3)). What is the tens digit of x - (-6)/(-3) - -22?
2
Suppose 0 = 2*w + 5*h + 8 - 35, 3 = -w + 3*h. Suppose -w*r - 2041 = -19*r. What is the units digit of r?
7
Let a be -1*-22*1/2. Suppose -13*m + 106 = -a*m. What is the units digit of m?
3
Let r be 6/((-2 - -1) + (-6)/(-2)). Suppose -2*m + 620 = 5*s + 2*m, -399 = -r*s + 3*m. What is the tens digit of s?
2
Let f(j) = -4*j**3 + j**2 + 3*j. Let r be 18/(-8) - (-4)/16. Let w be f(r). Let x = w - 24. What is the units digit of x?
6
Let h = -254 + 636. What is the tens digit of h?
8
Let m = 27 + -39. Let v = 13 + m. Let d(l) = 26*l**2. What is the tens digit of d(v)?
2
Suppose 8*w + 888 = 4*w. Let y = w - -346. Suppose -y = 4*d - 8*d. What is the tens digit of d?
3
Let w be ((-4)/(-3))/(1/3). Suppose w*u = -4*r + 24, 0*u - r - 6 = -2*u. Suppose -4*s + 3*s + 5*v = -28, -u*s = v - 133. What is the units digit of s?
3
Let w = 4 - -6. Suppose -5*z + w*z = 665. What is the tens digit of z?
3
Suppose 0*g - 28 = 2*g. Let s = -65 + -19. What is the units digit of (s/(-10))/(g/(-35))?
1
Let z(v) be the third derivative of v**4/8 - 5*v**3/6 + 7*v**2. Let n be z(-5). What is the units digit of ((-48)/n)/((-9)/(-30))?
8
Let b be -3*16/12*-1. Let d be -2 + 1 + (8 - b). Suppose 101 = 3*n + 5*a, -n + d*n - 5*a - 59 = 0. What is the tens digit of n?
3
Let f(o) = 3*o + 3*o**2 + o**2 + 1 - 2*o - o**3. Suppose -10*t + 6*t = -16. What is the units digit of f(t)?
5
Suppose 2*a + 159 + 37 = 0. What is the units digit of (-34)/51 - a/3?
2
Suppose 5*t + 3*x + 2*x = 1030, 2*x - 208 = -t. Suppose -7*l + 720 = -t. What is the units digit of l?
2
Let g be -1*(-3)/(-3) - 2. Let r(w) = -3*w**3 + 3*w**2 - 2*w - 2. Let z be r(g). Suppose -3*v + z = -h, 2*v + 2*h - 5*h - 84 = 0. What is the tens digit of v?
3
Let q(h) = h**3 + 3*h**2 - h - 2. Let p = -3 + 4. Let i = -2 - p. What is the units digit of q(i)?
1
Let n(v) = v**2 - 2*v + 3. Let g be (-3)/24*-4*6. Let p be n(g). Let s = p + 1. What is the units digit of s?
7
Let n be 0 + 4 - 1/1. What is the units digit of (3/n - 2) + 141?
0
Suppose -6 = 2*d + 2*i, -i = -5*d + 3*i + 30. Let h(c) = c + 3*c - 6*c + 9 - c**d. What is the units digit of h(0)?
9
Let j = 21 + 568. What is the units digit of j?
9
Let f(z) = 3*z**2 + 39*z + 167. What is the tens digit of f(-34)?
0
Let s(q) = 4*q**3 - 2*q**2 + q**3 - q**3 + 1. Let t = 60 - 59. What is the units digit of s(t)?
3
Let t(k) = -36*k - 11. Let z(d) = 18*d + 5. Let f(a) = 2*t(a) + 5*z(a). What is the tens digit of f(3)?
5
Let k = 272 - -1496. Let w be k/24 + 8/6. Let q = 127 - w. What is the units digit of q?
2
Let k(l) = 6*l**3 + 3*l**2 - 3*l - 40. What is the tens digit of k(8)?
0
Suppose 538 = v - 3*h, 4*v - 1296 = 2*h + 816. What is the hundreds digit of v?
5
Let j(b) = -1 + 7*b + 1 - b + 3. Let i be j(-2). Let f = i - -23. What is the tens digit of f?
1
Let c(x) = 6*x**2 - 6*x + 6. Suppose -5*n - 2*k = -15, -n + 4*k - 22 = -3*n. Suppose -3*h + 2*m + 13 = 0, m + n = -3*h - 4*m. What is the tens digit of c(h)?
4
Suppose 5*a + p = 77, 4*a - 40 = 3*p + 14. Let b(j) = j**3 - 13*j**2 - 20*j - 1. What is the units digit of b(a)?
9
Suppose 4*q - 4416 - 3356 = 0. What is the hundreds digit of q?
9
Let s = 982 + 462. What is the hundreds digit of s?
4
Suppose 2*i + 594 = -b + 4861, 2*i - 3*b = 4255. What is the hundreds digit of i?
1
Suppose 2 + 3 = w. What is the units digit of -2 + w + -3 - -95?
5
Let y = -1108 + 1140. What is the tens digit of y?
3
Let m(s) = -s**3 + 22*s**2 + 33*s + 34. Let v = -54 - -77. What is the hundreds digit of m(v)?
2
Suppose -3*q = t - 3933, 0 = -3*t - 0 - 9. What is the thousands digit of q?
1
Let l be (-4)/24 - (-1)/6. Let r be (20/8 + l)*38. Let u = r + -56. What is the units digit of u?
9
Let n(d) = -d**2 + 26*d - 63. Let c = -94 - -112. What is the tens digit of n(c)?
8
Let b = 16 + -4. Let r = b - 8. What is the units digit of 2/r*2*2?
2
Let i(m) = -15*m - 13. Let j be i(5). Let p be (-20)/(-90) - j/9. What is the tens digit of 6/((-3)/(-3*p))?
6
Suppose o - 52 + 12 = 0. Suppose 2*m - 130 = -o. What is the units digit of m?
5
Let a(t) = -9*t - 14. Let w be a(-5). Let n be ((-3)/(-2))/((-1)/(-12)). Let d = w - n. What is the units digit of d?
3
Suppose 4*q = -5*c + 3, -c + 3*q = 4*q. Let l(g) = 12*g + 3. Let w be l(6). Suppose 4*i - 69 = 5*u, -c*i + 2*u - 6*u = -w. What is the tens digit of i?
2
Suppose 0 = -2*s + l + 186, 147 = 3*s - 5*l - 125. Suppose -s = q - 229. What is the hundreds digit of q?
1
Let a = -529 - -1157. What is the hundreds digit of a?
6
Suppose 3*g = 4*v - 5*v - 6, -5*g = -3*v - 4. Let k(o) = -7*o**3 + o. Let y be k(g). Let f(c) = -2*c**2 + 15*c - 5. What is the tens digit of f(y)?
1
Let m = 17 - 26. What is the units digit of m/(-12) - 229/(-4)?
8
Suppose 13*n = -0*n + 2886. What is the units digit of n?
2
Let z = 5 - 5. Suppose z = j - 5*j + 16. Suppose -1 - 2 = v - j*y, 2*v = -y + 30. What is the units digit of v?
3
Suppose -2*s + 0 = -8. Suppose -t + i = 2*t - 279, 2*i - 372 = -s*t. Suppose 5*l - t = 3*q, l + q = 7 + 10. What is the units digit of l?
8
Suppose -21*b - 33 = -18*b. Let t(z) = -3*z + 3. What is the units digit of t(b)?
6
Suppose 0 = -5*n - 11 + 26. Suppose 15 = -4*o - o + 5*z, -n*o - 3*z = 9. Let x(j) = 6*j**2 + 1. What is the units digit of x(o)?
5
Let f(c) = -c**2 + 18*c - 7. Let s be f(7). Suppose -74 - s = -6*p. What is the units digit of p?
4
Let j = 421 + -245. What is the hundreds digit of j?
1
Let u = -1605 + 2698. What is the units digit of u?
3
Suppose 16 = 5*j - 6*j + 4*o, 3*o - 12 = 0. Suppose j = 6*f - 12*f + 432. What is the tens digit of f?
7
Suppose 1384 = -1219*h + 1223*h. What is the tens digit of h?
4
Let j(s) = 39*s**2 - 48*s - 234. What is the thousands digit of j(-7)?
2
Let h(v) = 3*v**2 - 23*v + 56. What is the units digit of h(19)?
2
Suppose -5*v = -8*v + 9. Suppose -m - 9 = -v. What is the units digit of (6/5)/(m/(-45))?
9
Suppose 5*r + 231 = -2*d - 0*d, 0 = 2*r + 5*d + 105. Let j = r - -194. What is the hundreds digit of j?
1
Let p = -12 + 12. Suppose 4*t + 4 + 12 = p. What is the units digit of 3 + 8 + (t - -1)?
8
What is the hundreds digit of (517 - -1) + (-10)/5?
5
What is the units digit of -2 + (20/(-5) + 1 - -423)?
8
Suppose 0 = -14*d + 19*d - 4225. What is the hundreds dig